MONTHLY CLIMATOLOGICAL SUMMARY FOR AUGUST 2012
NAME: Second Station CITY: Hillman STATE: MN
ELEV: 1285 ft LAT: 45° 54' 06" N LONG: 93° 51' 01" W
TEMPERATURE (°F), RAIN (in), WIND SPEED (mph)
HEAT COOL AVG
MEAN DEG DEG WIND DOM
DAY TEMP HIGH TIME LOW TIME DAYS DAYS RAIN SPEED HIGH TIME DIR
------------------------------------------------------------------------------------
1 77.0 89.4 4:25p 64.6 5:35a 0.0 12.0 0.00 7.7 25.0 5:40p S
2 74.8 88.1 4:10p 61.4 6:50a 0.0 9.8 0.01 3.8 15.0 1:20a NW
3 70.8 82.0 4:10p 59.7 3:45a 0.0 5.8 0.70 7.9 48.0 11:00p ESE
4 66.7 74.5 3:15p 58.9 12:00m 0.0 1.7 0.09 8.5 27.0 12:15a W
5 63.2 75.5 3:25p 50.9 6:00a 1.8 0.0 0.00 7.6 20.0 11:15a WNW
6 69.9 85.8 3:25p 54.0 2:10a 0.0 4.9 0.01 5.7 16.0 1:35p SW
7 70.9 83.6 3:00p 58.3 6:45a 0.0 5.9 0.00 4.8 16.0 1:10p NNW
8 63.8 70.4 5:15p 57.2 2:30a 1.2 0.0 0.22 4.0 16.0 10:45a ENE
9 65.2 75.8 4:35p 54.6 12:00m 0.0 0.2 0.00 6.0 23.0 1:20p N
10 62.8 75.7 3:55p 49.9 6:00a 2.2 0.0 0.00 4.1 15.0 11:15a NE
11 60.7 76.0 1:35p 45.4 6:45a 4.3 0.0 0.00 1.8 10.0 1:35p W
12 63.2 70.6 3:30p 55.8 6:00a 1.8 0.0 0.00 3.5 11.0 4:15p WNW
13 66.5 80.1 2:40p 52.9 12:00m 0.0 1.5 0.00 6.5 19.0 1:20p NNW
14 62.7 77.8 5:00p 47.5 6:45a 2.3 0.0 0.01 2.6 10.0 12:40p NNW
15 65.8 77.1 1:15p 54.6 2:35a 0.0 0.8 0.06 8.4 30.0 9:55p ESE
16 57.8 65.7 6:05p 49.8 11:50p 7.3 0.0 0.00 12.9 29.0 12:40a NW
17 58.1 74.7 3:35p 41.5 5:25a 6.9 0.0 0.00 4.4 15.0 11:40a NW
18 62.0 79.5 3:15p 44.5 5:20a 3.0 0.0 0.04 5.7 24.0 6:15p W
19 60.8 74.5 3:40p 47.0 11:55p 4.3 0.0 0.00 4.5 17.0 11:10a NNW
20 58.9 77.4 2:20p 40.4 6:40a 6.1 0.0 0.01 3.0 15.0 12:20p N
21 62.3 79.8 3:20p 44.8 5:35a 2.7 0.0 0.00 5.4 17.0 1:55p SW
22 66.1 81.5 2:20p 50.6 6:05a 0.0 1.1 0.07 7.0 28.0 3:20p S
23 70.8 78.8 1:45p 62.7 2:05a 0.0 5.8 0.07 6.6 23.0 1:35p SSE
24 72.3 89.1 2:15p 55.4 7:05a 0.0 7.3 0.00 5.3 21.0 3:30p SSE
25 70.1 75.7 2:15p 64.6 11:25p 0.0 5.1 0.08 7.8 21.0 2:20p SSW
26 68.8 82.9 4:15p 54.7 12:00m 0.0 3.8 0.00 5.3 18.0 4:30p WSW
27 67.1 85.1 4:00p 49.1 7:00a 0.0 2.1 0.00 4.3 14.0 11:35a NW
28 65.8 78.5 3:45p 53.2 4:35a 0.0 0.8 0.32 7.2 21.0 1:35p ESE
29 73.3 85.6 4:10p 61.1 7:00a 0.0 8.3 0.00 8.0 22.0 4:20p SE
30 68.8 79.5 2:45p 58.0 12:00m 0.0 3.8 0.00 6.3 18.0 12:05p S
31 65.6 81.8 3:35p 49.4 6:40a 0.0 0.6 0.00 4.8 18.0 1:00p NNE
-------------------------------------------------------------------------------------
66.2 89.4 1 40.4 20 43.8 81.3 1.69 5.9 48.0 3 NW
Max >= 90.0: 0
Max <= 32.0: 0
Min <= 32.0: 0
Min <= 0.0: 0
Max Rain: 0.70 ON 08/03/12
Days of Rain: 9 (>.01 in) 3 (>.1 in) 0 (>1 in)
Heat Base: 65.0 Cool Base: 65.0 Method: (High + Low) / 2