MONTHLY CLIMATOLOGICAL SUMMARY FOR MAY 2012
NAME: Second Station CITY: Hillman STATE: MN
ELEV: 1285 ft LAT: 45° 54' 06" N LONG: 93° 51' 01" W
TEMPERATURE (°F), RAIN (in), WIND SPEED (mph)
HEAT COOL AVG
MEAN DEG DEG WIND DOM
DAY TEMP HIGH TIME LOW TIME DAYS DAYS RAIN SPEED HIGH TIME DIR
------------------------------------------------------------------------------------
1 56.7 65.0 4:55p 48.3 12:45a 8.3 0.0 1.30 11.9 40.0 7:25p SSE
2 67.6 78.4 3:00p 56.8 2:20a 0.0 2.6 0.00 6.6 27.0 12:10a SW
3 61.8 73.4 2:35p 50.1 6:20a 3.3 0.0 0.94 6.5 51.0 8:05a NE
4 54.1 63.4 1:45p 44.7 11:55p 10.9 0.0 0.03 8.0 27.0 3:25p ENE
5 50.3 56.0 12:35p 44.5 12:10a 14.8 0.0 0.14 6.8 25.0 4:05p ENE
6 54.3 63.0 2:55p 45.5 1:00a 10.8 0.0 1.51 6.3 35.0 4:05a E
7 52.3 61.8 4:30p 42.9 6:15a 12.7 0.0 0.00 9.3 30.0 3:50p W
8 54.0 62.0 3:15p 45.9 1:50a 11.0 0.0 0.06 7.1 24.0 3:35p WNW
9 52.0 64.3 4:05p 39.7 6:10a 13.0 0.0 0.00 4.7 17.0 3:30p NNW
10 54.3 70.3 3:55p 38.2 5:20a 10.8 0.0 0.00 8.9 25.0 2:05p SSW
11 53.5 63.9 2:00p 43.1 12:00m 11.5 0.0 0.01 8.9 29.0 3:30p NW
12 51.8 69.4 5:15p 34.2 5:55a 13.2 0.0 0.00 5.3 22.0 2:35p WNW
13 56.3 72.9 4:45p 39.7 6:10a 8.7 0.0 0.00 8.0 26.0 2:55p SW
14 68.9 84.2 5:05p 53.6 6:30a 0.0 3.9 0.00 6.4 21.0 3:15p WSW
15 57.1 69.9 3:05p 44.3 12:00m 7.9 0.0 0.00 11.5 31.0 12:00p NNW
16 52.6 69.4 4:10p 35.7 6:20a 12.4 0.0 0.00 4.6 15.0 11:30a NNW
17 61.8 76.0 9:45p 47.5 5:10a 3.3 0.0 0.00 14.1 37.0 11:30p SE
18 76.7 89.9 3:40p 63.5 6:05a 0.0 11.7 0.16 12.1 37.0 5:15p S
19 68.0 80.3 3:15p 55.7 10:10p 0.0 3.0 0.00 10.8 31.0 11:40a SSE
20 52.3 61.0 6:50p 43.5 12:00m 12.8 0.0 0.84 10.1 31.0 3:10p NNW
21 55.7 73.4 3:50p 37.9 6:05a 9.3 0.0 0.00 4.9 19.0 4:15p W
22 68.8 81.3 5:00p 56.3 5:30a 0.0 3.8 0.00 13.3 35.0 2:05p SSE
23 64.4 72.3 12:05a 56.6 11:55p 0.6 0.0 0.92 9.0 30.0 12:20a SSE
24 55.3 58.0 11:30a 52.6 11:05p 9.7 0.0 0.79 6.5 27.0 4:00p NNW
25 55.0 65.6 2:50p 44.5 6:10a 10.0 0.0 0.00 7.0 22.0 2:00a WNW
26 54.2 61.1 3:00p 47.2 6:00a 10.8 0.0 0.35 8.1 43.0 11:10a E
27 68.2 84.5 4:30p 51.8 12:05a 0.0 3.2 1.34 12.8 48.0 10:05p E
28 63.6 74.9 2:00p 52.2 11:40p 1.4 0.0 0.44 9.2 30.0 4:55p W
29 53.2 60.3 1:25p 46.1 11:55p 11.8 0.0 0.00 12.4 32.0 1:45p WNW
30 49.1 57.6 1:45p 40.6 6:10a 15.9 0.0 0.01 5.4 18.0 12:45a NNW
31 54.0 66.6 3:35p 41.4 6:10a 11.0 0.0 0.00 3.3 15.0 3:45p N
-------------------------------------------------------------------------------------
58.0 89.9 18 34.2 12 245.8 28.1 8.84 8.4 51.0 3 NNW
Max >= 90.0: 0
Max <= 32.0: 0
Min <= 32.0: 0
Min <= 0.0: 0
Max Rain: 1.51 ON 05/06/12
Days of Rain: 13 (>.01 in) 11 (>.1 in) 3 (>1 in)
Heat Base: 65.0 Cool Base: 65.0 Method: (High + Low) / 2